215.
1014
Calculate the remainder when 28969414 is divided by 4828232.
22
What is the remainder when 6155608 is divided by 1479?
10
Calculate the remainder when 1490092 is divided by 5.
2
Calculate the remainder when 86330291 is divided by 498.
497
Calculate the remainder when 1251223666 is divided by 7284.
7282
What is the remainder when 3488491 is divided by 1084?
179
Calculate the remainder when 1768588 is divided by 221071.
20
What is the remainder when 866465 is divided by 1587?
1550
Calculate the remainder when 321504 is divided by 160703.
98
Calculate the remainder when 12421 is divided by 1121.
90
Calculate the remainder when 504617 is divided by 50.
17
What is the remainder when 47713 is divided by 112?
1
What is the remainder when 85836654 is divided by 199?
193
Calculate the remainder when 549873 is divided by 7634.
225
What is the remainder when 84970 is divided by 81?
1
Calculate the remainder when 47724 is divided by 6480.
2364
What is the remainder when 626036 is divided by 69557?
23
Calculate the remainder when 12437520 is divided by 180253.
63
What is the remainder when 1527914 is divided by 14147?
38
Calculate the remainder when 4051694 is divided by 11.
9
What is the remainder when 3758821 is divided by 939696?
37
Calculate the remainder when 17102900 is divided by 1092.
1088
Calculate the remainder when 1470331 is divided by 1538.
3
What is the remainder when 218256 is divided by 12814?
418
Calculate the remainder when 20337 is divided by 10.
7
Calculate the remainder when 11897129 is divided by 105.
104
What is the remainder when 482698 is divided by 481073?
1625
What is the remainder when 1428531 is divided by 119013?
375
Calculate the remainder when 4340037 is divided by 20.
17
What is the remainder when 619585044 is divided by 3305?
3304
What is the remainder when 2263603 is divided by 908?
867
Calculate the remainder when 729617 is divided by 2872.
129
Calculate the remainder when 5192476 is divided by 3058.
3050
Calculate the remainder when 165818 is divided by 82858.
102
What is the remainder when 85081 is divided by 41013?
3055
Calculate the remainder when 208528 is divided by 626.
70
Calculate the remainder when 26831 is divided by 138.
59
What is the remainder when 23102 is divided by 3012?
2018
Calculate the remainder when 581459 is divided by 104.
99
What is the remainder when 17625 is divided by 10987?
6638
What is the remainder when 2813343 is divided by 7233?
6939
What is the remainder when 34197 is divided by 808?
261
What is the remainder when 81100522 is divided by 13?
9
Calculate the remainder when 1551760 is divided by 775820.
120
Calculate the remainder when 1738902 is divided by 77.
11
What is the remainder when 35443 is divided by 5882?
151
Calculate the remainder when 47955 is divided by 591.
84
What is the remainder when 243299 is divided by 798?
707
What is the remainder when 162751 is divided by 153?
112
What is the remainder when 767861 is divided by 767530?
331
Calculate the remainder when 1879503 is divided by 104.
15
Calculate the remainder when 56879038 is divided by 6683.
25
What is the remainder when 8517989 is divided by 312?
77
What is the remainder when 188680 is divided by 188677?
3
Calculate the remainder when 27186691 is divided by 1957.
47
Calculate the remainder when 3566540 is divided by 1804.
32
Calculate the remainder when 121224 is divided by 3282.
3072
Calculate the remainder when 1015206 is divided by 8390.
16
What is the remainder when 296357 is divided by 73906?
733
What is the remainder when 2338559 is divided by 439?
6
Calculate the remainder when 548676 is divided by 1335.
1326
Calculate the remainder when 1605475 is divided by 928.
35
What is the remainder when 3926237 is divided by 106114?
19
Calculate the remainder when 161772 is divided by 433.
263
What is the remainder when 14613571 is divided by 4403?
14
Calculate the remainder when 28897 is divided by 4710.
637
What is the remainder when 63043 is divided by 11903?
3528
What is the remainder when 4177990 is divided by 2088987?
16
Calculate the remainder when 209618 is divided by 69765.
323
Calculate the remainder when 1266275 is divided by 802.
719
What is the remainder when 909379 is divided by 909303?
76
What is the remainder when 121339 is divided by 30112?
891
Calculate the remainder when 8542717 is divided by 114.
13
What is the remainder when 7283310 is divided by 38?
2
Calculate the remainder when 144210 is divided by 142942.
1268
What is the remainder when 2793312 is divided by 968?
632
Calculate the remainder when 544837 is divided by 703.
12
What is the remainder when 15378207 is divided by 2169?
2166
What is the remainder when 2355700 is divided by 392612?
28
What is the remainder when 3376 is divided by 665?
51
Calculate the remainder when 999944 is divided by 2913.
785
Calculate the remainder when 142628 is divided by 1278.
770
Calculate the remainder when 39208298 is divided by 9.
5
What is the remainder when 37069 is divided by 801?
223
What is the remainder when 145229108 is divided by 31?
29
Calculate the remainder when 153320 is divided by 37606.
2896
Calculate the remainder when 27289502 is divided by 1214.
1210
What is the remainder when 159459 is divided by 321?
243
What is the remainder when 669271363 is divided by 5416?
5411
What is the remainder when 81862068 is divided by 161?
8
What is the remainder when 1032515 is divided by 46932?
11
What is the remainder when 34982872 is divided by 147607?
13
Calculate the remainder when 175780016 is divided by 78.
74
Calculate the remainder when 10199907 is divided by 849992.
3
What is the remainder when 49863922 is divided by 16621306?
4
What is the remainder when 8570244 is divided by 1125?
1119
Calculate the remainder when 7282026 is divided by 10.
6
What is the remainder when 28891310 is divided by 372?
302
What is the remainder when 549955 is divided by 24914?
1847
What is the remainder when 42853 is divided by 41624?
1229
Calculate the remainder when 75902 is divided by 1191.
869
Calculate the remainder when 24590353 is divided by 897.
892
Calculate the remainder when 239469 is divided by 59853.
57
Calculate the remainder when 2269637 is divided by 3084.
2897
Calculate the remainder when 755186 is divided by 11099.
454
Calculate the remainder when 2018041675 is divided by 5684.
5683
Calculate the remainder when 8857285 is divided by 1771442.
75
What is the remainder when 5629413 is divided by 1407353?
1
What is the remainder when 233674 is divided by 130?
64
Calculate the remainder when 4406212 is divided by 122.
60
What is the remainder when 1235511 is divided by 1066?
17
What is the remainder when 749462 is divided by 22710?
32
What is the remainder when 35127 is divided by 11694?
45
Calculate the remainder when 1304740 is divided by 217418.
232
What is the remainder when 40206528 is divided by 782?
780
What is the remainder when 140217 is divided by 5150?
1167
What is the remainder when 1418422 is divided by 709158?
106
What is the remainder when 25062353 is divided by 177?
38
What is the remainder when 797619 is divided by 1180?
1119
Calculate the remainder when 1592674 is divided by 43.
40
What is the remainder when 307037 is divided by 147?
101
Calculate the remainder when 887460 is divided by 36977.
12
What is the remainder when 43932 is divided by 2695?
812
What is the remainder when 560392 is divided by 280150?
92
Calculate the remainder when 26294938 is divided by 596.
14
What is the remainder when 6638693 is divided by 23051?
5
What is the remainder when 603479 is divided by 11?
8
Calculate the remainder when 5001944 is divided by 317.
1
What is the remainder when 2037077 is divided by 5706?
35
What is the remainder when 121454 is divided by 388?
10
What is the remainder when 7023620 is divided by 659?
657
Calculate the remainder when 83311369 is divided by 635.
4
What is the remainder when 5357793 is divided by 1785916?
45
Calculate the remainder when 1175272 is divided by 115.
87
Calculate the remainder when 21621586 is divided by 6289.
4
Calculate the remainder when 74675760 is divided by 101.
97
Calculate the remainder when 1803826 is divided by 900830.
2166
What is the remainder when 1641282 is divided by 344?
58
Calculate the